thousands digit of k?
9
Let q(c) = -c**3 + 11*c**2 + 6*c + 10. Suppose 0 = -0*y + y + o + 86, -5*o + 10 = 0. Let a = y + 99. What is the units digit of q(a)?
6
Suppose m + 19316 = 4*c, -2*c - 9*m = -7*m - 9668. What is the hundreds digit of c?
8
Suppose 0 = 5*i - 48*l + 45*l - 19729, 0 = -5*i - 10*l + 19690. What is the thousands digit of i?
3
Suppose n - q = 5113, 6*n - 28866 - 1832 = q. What is the tens digit of n?
1
Let p = 25813 - 15276. What is the tens digit of p?
3
Suppose 20 = 6*j - 40. Suppose j*t = 1122 + 108. What is the tens digit of t?
2
Suppose -21*l - 3498612 = -47*l - 130*l. What is the ten thousands digit of l?
2
Suppose -s + 84 = -7*s. Let t(j) = j + 17. Let b be t(s). What is the hundreds digit of -1 + (b - -1)/((-6)/(-219))?
1
Suppose -30*q - 1258 = 512. Let b be 54 - (0 + -3 - -2). Let k = b - q. What is the hundreds digit of k?
1
Let d(r) = 6*r**2 + 8*r + 33. Let z(l) = 5*l**2 + 8*l + 33. Let t(i) = 6*d(i) - 7*z(i). What is the tens digit of t(-10)?
4
Let h(b) = -9*b + 83. Let s be h(-8). Let u = s - 152. Suppose 0 = u*c + 250 - 622. What is the units digit of c?
4
Let k be -18 - -19 - (2 - (-8)/(-2)). Suppose -5*o = -z - 25, -4*z + k*z = 0. Suppose -o*q - x + 409 = -773, -4*x + 480 = 2*q. What is the units digit of q?
6
Let m(v) = v**2 + 4*v - 6. Let q be m(2). Suppose 3*x - 878 = -5*b, q*x - 2*x + 3*b - 1167 = 0. What is the units digit of x?
1
Suppose 0 = -x + 2, 8*x + 4 = m + 12*x. What is the hundreds digit of ((-186)/m)/(6/120)?
9
Suppose 0 = -10*d + 5*d - h - 3076, d - 3*h = -612. Let l = 882 + d. What is the hundreds digit of l?
2
Suppose 2*y = -s + 44, 5*s + 2*y - 5*y = 207. Let a = s - -226. Suppose 3*w + 138 = 2*l, 0 = 4*l - 5*w + w - a. What is the units digit of l?
3
Suppose 25272 = 42*g - 27606. What is the tens digit of 4 - (0 - (2 + g))?
6
Let j(v) = v**2 - 8*v - 75. Let m be j(-8). Suppose 11 = -3*q + m. What is the tens digit of q?
1
What is the thousands digit of 2/(-10) + (-33)/(-15) - (11 + -1357)?
1
Suppose 2*o = 4*o + 84. Suppose -3*j + 7 + 140 = 0. Let w = j + o. What is the units digit of w?
7
Suppose -17*c = -62351 - 164973. What is the units digit of c?
2
Suppose 5*g - 4770 = f, 2*g - g - 954 = 2*f. Let z = -692 + g. What is the units digit of z?
2
Let y(q) = 24901*q**3 - 17*q**2 + q + 2. What is the tens digit of y(1)?
8
Let q(d) = 462*d - 1308. What is the hundreds digit of q(5)?
0
Suppose 1699672 = 1999*n - 1947*n. What is the hundreds digit of n?
6
Suppose 2*f - 24881 = -3*n, 24885 = 3*n - 5279*f + 5282*f. What is the hundreds digit of n?
2
Suppose -t - 4*v + 255 = 0, 3*t - 4*v = v + 799. Let h = 194 + t. What is the hundreds digit of h?
4
Suppose g + 0*g - 3*n - 732 = 0, -2958 = -4*g + 2*n. Let l = 1481 - g. What is the units digit of l?
0
Let l be (-3)/(-3) + (-609)/(-14)*-36. Let r = -164 - l. What is the hundreds digit of r?
4
Suppose 2*y = 0, 3*n + n = 4*y - 8. What is the units digit of 123/n*5/(25/(-30))?
9
Suppose -4*n + 4 + 3 = 5*q, 0 = 2*n - 3*q - 9. Suppose -443 = n*g + 226. Let w = g - -344. What is the units digit of w?
1
Suppose 0 = 3*m, -m - 12 = 3*j + 4*m. Let z be (-84)/70*50/(-4). What is the hundreds digit of 25/(-10)*z*j?
1
Let z = 6379 + 52381. What is the thousands digit of z?
8
Let u(a) be the second derivative of -8*a**3/3 + 3*a**2/2 + 5*a. Let w be u(-5). Suppose -2*z + w = 3*l, z - 5*l - 37 = -2*l. What is the units digit of z?
0
Suppose 57*b + 6*b - 18*b = 364545. What is the hundreds digit of b?
1
Suppose 2*o + 5*d - 1301 = 0, -108*o = -103*o - 5*d - 3235. What is the tens digit of o?
4
Let y = 57041 - 26813. What is the hundreds digit of y?
2
Let r(a) = 630*a + 177. What is the hundreds digit of r(2)?
4
Suppose 0 = -102*y + 56*y + 842536. What is the tens digit of y?
1
Let s(x) = x**3 + 11*x**2 + 11*x + 15. Let y be s(-10). Suppose -3*f + 595 = -y*b + f, -5*b + f - 595 = 0. What is the units digit of (0 - b) + (-4 + 8)*-1?
5
Let t(a) = -3178*a - 1536. What is the hundreds digit of t(-5)?
3
Let n(l) = -5*l - 17. Let o be n(-4). Suppose -o*s - 130 - 98 = -j, -5*j = 3*s - 1176. What is the hundreds digit of j?
2
Suppose 12*z - 3655 - 5192 = 10569. What is the thousands digit of z?
1
What is the thousands digit of 1915 + ((-5)/2)/((-35)/28)?
1
Let l(t) be the second derivative of -t**5/20 + t**4/12 + t**3/3 + 133*t**2/2 + 8*t - 1. What is the units digit of l(0)?
3
What is the units digit of ((-6)/(-4) + -30*3/12)*-321?
6
Let i(g) = 2*g**2 + g + 8. Suppose 2*v - 22 = 4*t, -22 = 3*t + v + 3*v. Let z be i(t). Suppose 0 = -2*j + j + z. What is the tens digit of j?
7
Let x(b) = 6*b**2 - 38*b + 6. What is the hundreds digit of x(12)?
4
Suppose 2176 = 14*x + 11766. Let y = 601 - x. What is the hundreds digit of y?
2
Suppose -27*q + 29*q = 136. Suppose -5*p + 3*h = 108, p - 4*h = -3*p - 88. Let j = q + p. What is the tens digit of j?
4
Suppose -3*l + 5*l = w, 4*w = 4*l - 4. Let q be ((-42)/3)/(-2)*3/l. What is the units digit of 112/q*(-78)/4?
4
What is the thousands digit of (-1 + -3 + -1)*276309/(-165)?
8
Suppose -4*p + 62936 = 3*v, -35 = -10*p + 15*p. What is the units digit of v?
8
Let u(t) = 5*t**3 + 17*t + 29. Let m(l) = 10*l**3 + l**2 + 32*l + 57. Let x(h) = -6*m(h) + 11*u(h). What is the tens digit of x(-7)?
3
Suppose -2*l - 2*c - 30 - 14 = 0, 146 = -5*l + 4*c. Let m = l + 31. Suppose m*x = x + 488. What is the hundreds digit of x?
1
Let r(o) = -7*o**2 + o**3 - 6*o - 10 + 7*o**3 + o**2 - 7*o**3. What is the units digit of r(12)?
2
Let u(h) = 7*h + 31. Let w be u(10). Suppose -w = n - 275. Let g = -99 + n. What is the units digit of g?
5
Suppose 0 = -2799*b + 2817*b - 141534. What is the tens digit of b?
6
Let b(v) = v**3 - 6*v**2 - 3*v + 25. Let w be b(6). Let c = w - -100. What is the hundreds digit of c?
1
Let n(l) = 70 - 14 - 10*l - 239. What is the units digit of n(-20)?
7
Suppose -4874*i + 1727880 = -4789*i. What is the hundreds digit of i?
3
Let r(g) = 7*g + 213. Let x be r(-29). Let z(o) = 71*o - 39. What is the units digit of z(x)?
1
Let p be (45/10)/(-3)*-2. Suppose -p*z - 7*b + 6 = -3*b, 4*z = -3*b + 8. Let v(s) = 18*s**3 + 2*s**2 - s + 2. What is the hundreds digit of v(z)?
1
Let z(r) = -1223*r + 6390. What is the hundreds digit of z(-17)?
1
Let j be 104/(-12) + (-1)/3. Let x be 9*(24/j - -3). Suppose -4*v + 3*k + 326 = 0, k + x*k + 8 = 0. What is the units digit of v?
0
Let d(q) = 16*q**2 + 5*q + 2. Let x = -289 - -294. What is the units digit of d(x)?
7
Let y(t) = -t**3 - 27*t**2 - 48*t + 52. Let p be y(-25). What is the hundreds digit of 53/5*(p - -8)?
1
Let y = -2 + 6. Suppose -3*u + u - 46 = -w, 4*w - 148 = -y*u. Suppose k = -4*k + w. What is the units digit of k?
8
Let z(n) be the first derivative of -59*n**2/2 + 4*n - 6. Let h(y) = -2*y**3 + 26*y**2 + 2*y - 27. Let x be h(13). What is the tens digit of z(x)?
6
Let p(w) = -74*w**3 + 8*w**2 - 24*w - 119. What is the thousands digit of p(-3)?
2
Let f(b) = -5*b + 10. Let c be f(2). Suppose 0 = 3*v - c*v - 348. Suppose 5*p - 119 = v. What is the tens digit of p?
4
Suppose 2*u = -d + 8772 - 3294, 4*d = 4*u - 10992. What is the tens digit of u?
4
Let g(r) = -4*r**2 - 7*r + 8*r**2 + 10 - r**3 - 10*r**2. Let w(l) = -l**3 - 19*l**2 + 19*l - 25. Let u be w(-20). What is the tens digit of g(u)?
2
Let q be (-17799)/18 + (-2)/12. Let r = -468 - q. What is the units digit of r?
1
Suppose 16*b = 15*b - 5*q + 3333, 5*b = 5*q + 16725. What is the thousands digit of b?
3
Suppose -2*j + 4*u = -31052, j - 4*u = 7145 + 8379. What is the units digit of j?
8
What is the tens digit of (1*-2039 + -1)*35/(-20)*10?
0
What is the ten thousands digit of ((-56)/(-10))/((864/(-107940))/(-36))?
2
Let y = -2 - -5. Suppose 17*m - 7820 = -y*m. What is the tens digit of m?
9
Suppose -3*m - 14 = -23. Suppose 0 = q + m*s + 7, -4 - 9 = q + 5*s. Suppose -2*p = -2, -q*p + 7*p + 815 = 4*v. What is the tens digit of v?
0
Suppose 24*b - 23*b = -5*l + 3435, 5*l + 5*b - 3415 = 0. Let n = 1426 - l. What is the hundreds digit of n?
7
Let n(r) = -5*r - 46. Let w be n(-10). What is the hundreds digit of 202/w*(-5 + (-4 - -11))?
1
Let u = 18 + -18. Let l be (4/8 - u)*-10. Let j(w) = 4*w**2 + w. What is the tens digit of j(l)?
9
Let g(d) = d**2 + 10*d + 15. Let n be g(-8). Let a be (60/(-18))/(n/(-12)). Let r = 68 + a. What is the units digit of